{"id":11,"date":"2015-02-03T12:03:09","date_gmt":"2015-02-03T12:03:09","guid":{"rendered":"http:\/\/www.mikolaiotthon.hu\/mikola\/?page_id=11"},"modified":"2026-04-27T09:42:32","modified_gmt":"2026-04-27T08:42:32","slug":"kozerdeku-adatok","status":"publish","type":"page","link":"https:\/\/www.mikolaiotthon.hu\/mikola\/?page_id=11","title":{"rendered":"K\u00f6z\u00e9rdek\u0171 adatok"},"content":{"rendered":"<div class=\"art-postcontent\">\n<div class=\"art-article\">\n<h2><a href=\"https:\/\/einfoszab.budapest.hu\/home\">A F\u0151v\u00e1rosi \u00d6nkorm\u00e1nyzat k\u00f6zz\u00e9t\u00e9teli f\u0151oldala.<\/a><\/h2>\n<h2><strong><u>1. Szervezeti, szem\u00e9lyzeti adatok<\/u><\/strong><\/h2>\n<p><strong>1.1. Kapcsolat, szervezet, vezet\u0151k<\/strong><\/p>\n<p>I. El\u00e9rhet\u0151s\u00e9gi adatok\u00a0\u00a0<em>(K\u00f6zz\u00e9t\u00e9tel: 2015. 07. 20.)<\/em><\/p>\n<ul>\n<li><a href=\"http:\/\/www.mikolaiotthon.hu\/mikola\/wp-content\/uploads\/2015\/07\/Bemutat%C3%B3-Vmikola.pdf\" target=\"_blank\" rel=\"noopener\">Bemutatkoz\u00e1s<\/a><\/li>\n<\/ul>\n<p>II. Szervezeti fel\u00e9p\u00edt\u00e9s<\/p>\n<ul>\n<li><a href=\"http:\/\/www.mikolaiotthon.hu\/mikola\/wp-content\/uploads\/2021\/12\/Szervezeti-\u00e9s-M\u0171k\u00f6d\u00e9si-Szab\u00e1lyzat.pdf\">SZMSZ 2020<\/a>\u00a0\u00a0<em>(K\u00f6zz\u00e9t\u00e9tel: 2021. 12. 20.)<\/em><\/li>\n<li><a href=\"http:\/\/www.mikolaiotthon.hu\/mikola\/wp-content\/uploads\/2023\/05\/SZMSZ-2023.pdf\">SZMSZ 2023<\/a>\u00a0\u00a0<em>(K\u00f6zz\u00e9t\u00e9tel: 2023. 05. 08.)<\/em><\/li>\n<\/ul>\n<p>Egy\u00e9b m\u0171k\u00f6d\u00e9s<\/p>\n<\/div>\n<\/div>\n<ul>\n<li><a href=\"http:\/\/www.mikolaiotthon.hu\/mikola\/wp-content\/uploads\/2016\/04\/Szab\u00e1lyzatok.pdf\">Szab\u00e1lyzatok<\/a>\n<ul>\n<li style=\"list-style-type: none;\">\n<ul>\n<li><a href=\"http:\/\/www.mikolaiotthon.hu\/mikola\/wp-content\/uploads\/2025\/06\/Belso-visszaeles-bejelentesi-rendszer-szabalyzata-modositott.pdf\">Bels\u0151 vissza\u00e9l\u00e9s-bejelent\u00e9si szab\u00e1lyzat \u00e9s t\u00e1ly\u00e9koztat\u00e1s<\/a> <em>(K\u00f6zz\u00e9t\u00e9tel: 2025. 06. 19.)<\/em><\/li>\n<li><a href=\"http:\/\/www.mikolaiotthon.hu\/mikola\/wp-content\/uploads\/2025\/12\/Uzleti-titok-szabalyzat-tervezet.pdf\">\u00dczleti titok szab\u00e1lyzat<\/a> <em>(K\u00f6zz\u00e9t\u00e9tel: 2025. 12. 19.)<\/em><\/li>\n<\/ul>\n<\/li>\n<\/ul>\n<\/li>\n<li><a href=\"http:\/\/www.mikolaiotthon.hu\/mikola\/wp-content\/uploads\/2023\/05\/Szakmai-Program-2023.pdf\">Szakmai program<\/a>\u00a0 <em>(K\u00f6zz\u00e9t\u00e9tel: 2023. 05. 03.)<\/em><\/li>\n<li><a href=\"http:\/\/www.mikolaiotthon.hu\/mikola\/wp-content\/uploads\/2023\/05\/Hazirend-2023.pdf\">H\u00e1zirend<\/a>\u00a0 <em>(K\u00f6zz\u00e9t\u00e9tel: 2023. 05. 03.)<\/em><\/li>\n<\/ul>\n<div class=\"art-postcontent\">\n<div class=\"art-article\">\n<p>III. <a href=\"http:\/\/www.mikolaiotthon.hu\/mikola\/wp-content\/uploads\/2023\/05\/Az-intezmeny-vezetoi-2.pdf\">Az int\u00e9zm\u00e9ny vezet\u0151i<\/a>\u00a0\u00a0<em>(K\u00f6zz\u00e9t\u00e9tel: 2023. 05. 09.)<\/em><\/p>\n<p><strong>1.2. A fel\u00fcgyelt k\u00f6lts\u00e9gvet\u00e9si szervek\u00a0<\/strong><em>(K\u00f6zz\u00e9t\u00e9tel: 2018. 02. 14.)<\/em><\/p>\n<p>I. <a href=\"http:\/\/www.mikolaiotthon.hu\/mikola\/wp-content\/uploads\/2023\/05\/1.2.-A-felugyelt-koltsegvetesi-szervek.pdf\">A szerv ir\u00e1ny\u00edt\u00e1sa, fel\u00fcgyelete vagy ellen\u0151rz\u00e9se alatt \u00e1ll\u00f3, vagy al\u00e1rendelts\u00e9g\u00e9ben m\u0171k\u00f6d\u0151 szerv<\/a><br \/>\n<em>(K\u00f6zz\u00e9t\u00e9tel: 2023. 05. 03.)<\/em><\/p>\n<p><strong>1.3. Gazd\u00e1lkod\u00f3 szervezetek<\/strong>\u00a0<em>(K\u00f6zz\u00e9t\u00e9tel: 2018. 02. 14.)<\/em><\/p>\n<p>I. <a href=\"http:\/\/www.mikolaiotthon.hu\/mikola\/wp-content\/uploads\/2023\/05\/1.3.-Gazdalkodo-szervezetek.pdf\">A szerv tulajdon\u00e1ban \u00e1ll\u00f3 vagy r\u00e9szv\u00e9tel\u00e9vel m\u0171k\u00f6d\u0151 gazd\u00e1lkod\u00f3 szervezetek<\/a><br \/>\n<em>(K\u00f6zz\u00e9t\u00e9tel: 2023. 05. 03.)<\/em><\/p>\n<p><strong>1.4. K\u00f6zalap\u00edtv\u00e1nyok<\/strong><\/p>\n<p>I. <a href=\"http:\/\/www.mikolaiotthon.hu\/mikola\/wp-content\/uploads\/2023\/05\/1.4.-Kozalapitvanyok.pdf\">A szerv \u00e1ltal alap\u00edtott k\u00f6zalap\u00edtv\u00e1nyok<\/a>\u00a0<em>(K\u00f6zz\u00e9t\u00e9tel: 2023. 05. 03.)<\/em><\/p>\n<p><strong>1.5. Lapok<\/strong><\/p>\n<p>I. <a href=\"http:\/\/www.mikolaiotthon.hu\/mikola\/wp-content\/uploads\/2023\/05\/1.5.-Lapok.pdf\">Lapok<\/a>\u00a0<em>(K\u00f6zz\u00e9t\u00e9tel: 2023. 05. 03.)<\/em><\/p>\n<p><strong>1.6. Felettes fel\u00fcgyeleti, t\u00f6rv\u00e9nyess\u00e9gi ellen\u0151rz\u00e9st vagy fel\u00fcgyeletet gyakorl\u00f3 szerv<\/strong><\/p>\n<p>I. <a href=\"http:\/\/www.mikolaiotthon.hu\/mikola\/wp-content\/uploads\/2023\/05\/1.6.-Felettes-felugyeleti-torvenyessegi-ellenorzest-vagy-felugyeletet-gyakorlo-szerv.pdf\">Felettes fel\u00fcgyeleti, t\u00f6rv\u00e9nyess\u00e9gi ellen\u0151rz\u00e9st vagy fel\u00fcgyeletet gyakorl\u00f3 szerv<\/a><\/p>\n<p><em>(K\u00f6zz\u00e9t\u00e9tel: 2023. 05. 03.)<\/em><\/p>\n<p><strong>1.7. K\u00f6lts\u00e9gvet\u00e9si szervek<\/strong><\/p>\n<p>I. <a href=\"http:\/\/www.mikolaiotthon.hu\/mikola\/wp-content\/uploads\/2023\/05\/1.7-Koltsegvetesi-szervek.pdf\">K\u00f6lts\u00e9gvet\u00e9si szervek\u00a0<\/a>\u00a0\u00a0<em>(K\u00f6zz\u00e9t\u00e9tel: 2023. 05. 03.)<\/em><\/p>\n<h2><strong>2. Tev\u00e9kenys\u00e9gre, m\u0171k\u00f6d\u00e9sre vonatkoz\u00f3 adatok<\/strong><\/h2>\n<p>I. A szerv alaptev\u00e9kenys\u00e9ge, feladat- \u00e9s hat\u00e1sk\u00f6re:<\/p>\n<ul>\n<li><a href=\"http:\/\/www.mikolaiotthon.hu\/mikola\/wp-content\/uploads\/2020\/06\/Alap\u00edt\u00f3-okirat-2019.pdf\">Alap\u00edt\u00f3 okirat<\/a>\u00a0 <em>(K\u00f6zz\u00e9t\u00e9tel: 2019. 04. 03.)<\/em><\/li>\n<li><a href=\"http:\/\/www.mikolaiotthon.hu\/mikola\/wp-content\/uploads\/2023\/05\/Orszagos-illetekessegu-szervek-1.pdf\">Orsz\u00e1gos illet\u00e9kess\u00e9g\u0171 szervek<\/a>\u00a0 <em>(K\u00f6zz\u00e9t\u00e9tel: 2023. 05. 09.)<\/em><\/li>\n<li><a href=\"http:\/\/www.mikolaiotthon.hu\/mikola\/wp-content\/uploads\/2023\/05\/A-helyi-onkormanyzat-onkent-vallalt-feladatai-1.pdf\">A helyi \u00f6nkorm\u00e1nyzat \u00f6nk\u00e9nt v\u00e1llalt feladatai<\/a>\u00a0 <em>(K\u00f6zz\u00e9t\u00e9tel: 2023. 05. 09.)<\/em><\/li>\n<\/ul>\n<p>II. <a href=\"http:\/\/www.mikolaiotthon.hu\/mikola\/wp-content\/uploads\/2023\/05\/2-II-A-hatosagi-ugyek-intezesenek-rendjevel-kapcsolatos-adatok.pdf\">A hat\u00f3s\u00e1gi \u00fcgyek int\u00e9z\u00e9s\u00e9nek rendj\u00e9vel kapcsolatos adatok<\/a>\u00a0\u00a0<em>(K\u00f6zz\u00e9t\u00e9tel: 2023. 05. 03.)<\/em><\/p>\n<p>III. <a href=\"http:\/\/www.mikolaiotthon.hu\/mikola\/wp-content\/uploads\/2023\/05\/III-Kozszolgaltatasok.pdf\">K\u00f6zszolg\u00e1ltat\u00e1sok<\/a> \u00a0<em>(K\u00f6zz\u00e9t\u00e9tel: 2023. 05. 03.)<br \/>\n<\/em><\/p>\n<ul>\n<li><a href=\"http:\/\/www.mikolaiotthon.hu\/mikola\/wp-content\/uploads\/2023\/05\/TAJEKOZTATO-az-intezmenyi-ellatas-igenybeveteli-rendjerol-1.pdf\">T\u00e1j\u00e9koztat\u00f3 az int\u00e9zm\u00e9nyi ell\u00e1t\u00e1s ig\u00e9nybev\u00e9teli rendj\u00e9r\u0151l<\/a> \u00a0<em>(K\u00f6zz\u00e9t\u00e9tel: 2023. 05. 03.)<\/em><\/li>\n<\/ul>\n<p>IV. <a href=\"http:\/\/www.mikolaiotthon.hu\/mikola\/wp-content\/uploads\/2019\/04\/Nyilvantart\u00e1sok2019-04-03.pdf\">Az int\u00e9zm\u00e9ny nyilv\u00e1ntart\u00e1sai<\/a><br \/>\nV. <a href=\"http:\/\/www.mikolaiotthon.hu\/mikola\/wp-content\/uploads\/2023\/05\/V.-Nyilvanos-kiadvanyok.pdf\">Nyilv\u00e1nos kiadv\u00e1nyok<\/a> \u00a0<em>(K\u00f6zz\u00e9t\u00e9tel: 2023. 05. 17.)<\/em><br \/>\nVI. <a href=\"http:\/\/www.mikolaiotthon.hu\/mikola\/wp-content\/uploads\/2023\/05\/VI-.Donteshozatal-ulesek.pdf\">D\u00f6nt\u00e9shozatal, \u00fcl\u00e9sek<\/a> \u00a0<em>(K\u00f6zz\u00e9t\u00e9tel: 2023. 05. 03.)<\/em><br \/>\nVII. <a href=\"http:\/\/www.mikolaiotthon.hu\/mikola\/wp-content\/uploads\/2023\/05\/VII.-A-szerv-dontesei-koncepciok-tervezetek-javaslatok-1.pdf\">A szerv d\u00f6nt\u00e9sei, koncepci\u00f3k, tervezetek, javaslatok<\/a> \u00a0<em>(K\u00f6zz\u00e9t\u00e9tel: 2023. 05. 03.)<\/em><br \/>\nVIII. P\u00e1ly\u00e1zatok\u00a0\u00a0<em>(K\u00f6zz\u00e9t\u00e9tel: 2022. 04. 22.)<\/em><br \/>\nIX. <a href=\"http:\/\/www.mikolaiotthon.hu\/mikola\/wp-content\/uploads\/2023\/05\/IX.-Hirdetmenyek-kozlemenyek.pdf\">Hirdetm\u00e9nyek<\/a>\u00a0\u00a0<em>(K\u00f6zz\u00e9t\u00e9tel: 2023. 05. 09.)<\/em><br \/>\nX.\u00a0<a href=\"http:\/\/www.mikolaiotthon.hu\/mikola\/wp-content\/uploads\/2023\/11\/Szabalyzat-a-kozerdeku-es-kozerdekbol-nyilvanos-adatok-megismeresere-iranyulo-igenyek-valamint-a-kozerdeku-es-kozerdekbol-nyilvanos-adatok-elektronikus-kozzetetelenek-rendjerol.pdf\">K\u00f6z\u00e9rdek\u0171 adatok ig\u00e9nyl\u00e9se<\/a> <em>(K\u00f6zz\u00e9t\u00e9tel: 2023. 11. 02.)<\/em><\/p>\n<p><em>Az \u00e1tl\u00e1that\u00f3s\u00e1g biztos\u00edt\u00e1s\u00e1\u00e9rt felel\u0151s szem\u00e9ly:<br \/>\n<\/em>K\u00e9ner Kriszti\u00e1n, int\u00e9zm\u00e9nyvezet\u0151<em><br \/>\n<\/em>Tel: 27\/579-540<em><br \/>\n<\/em>E-mail:\u00a0<a href=\"mailto:intezmenyvezeto@mikolaiotthon.hu\" target=\"_blank\" rel=\"noopener\">intezmenyvezeto@mikolaiotthon.<wbr \/>hu<\/a><br \/>\n2025. \u00e9vben nem t\u00f6rt\u00e9nt adatig\u00e9nyl\u00e9s<br \/>\nXI. <a href=\"http:\/\/www.mikolaiotthon.hu\/mikola\/wp-content\/uploads\/2023\/05\/XI.-Kozzeteteli-listak.pdf\">K\u00f6zz\u00e9t\u00e9teli list\u00e1k<\/a>\u00a0\u00a0<em>(K\u00f6zz\u00e9t\u00e9tel: 2023. 05. 03.)<\/em><\/p>\n<h2><strong>3. Gazd\u00e1lkod\u00e1si adatok<\/strong><\/h2>\n<p><strong>3.1. A m\u0171k\u00f6d\u00e9s t\u00f6rv\u00e9nyess\u00e9ge, ellen\u0151rz\u00e9sek<\/strong><\/p>\n<p>I. Vizsg\u00e1latok ellen\u0151rz\u00e9sek list\u00e1ja<br \/>\nII. <a href=\"http:\/\/www.mikolaiotthon.hu\/mikola\/wp-content\/uploads\/2023\/05\/II.-Az-Allami-Szamvevoszek-ellenorzesei.pdf\">Az \u00c1llami Sz\u00e1mvev\u0151sz\u00e9k ellen\u0151rz\u00e9sei<\/a>\u00a0 <em>(K\u00f6zz\u00e9t\u00e9tel: 2023. 05. 03.)<\/em><br \/>\nIII. Egy\u00e9b <a href=\"http:\/\/www.mikolaiotthon.hu\/mikola\/wp-content\/uploads\/2021\/08\/Ellen\u0151rz\u00e9sek-2020.pdf\">ellen\u0151rz\u00e9sek<\/a>, vizsg\u00e1latok<\/p>\n<ul>\n<li><a href=\"http:\/\/www.mikolaiotthon.hu\/mikola\/wp-content\/uploads\/2016\/04\/2015-\u00e9vi-ellen\u0151rz\u00e9si-jelent\u00e9s.pdf\" target=\"_blank\" rel=\"noopener\">\u00c9ves ellen\u0151rz\u00e9si jelent\u00e9s 2015<\/a><a href=\"http:\/\/www.mikolaiotthon.hu\/mikola\/wp-content\/uploads\/2016\/04\/2015-\u00e9vi-ellen\u0151rz\u00e9si-jelent\u00e9s.pdf\" target=\"_blank\" rel=\"noopener\">\u00c9ves ellen\u0151rz\u00e9si jelent\u00e9s 2015<\/a><\/li>\n<li><a href=\"http:\/\/www.mikolaiotthon.hu\/mikola\/wp-content\/uploads\/2019\/04\/Ellenorzesek-2018.pdf\">Ellen\u0151rz\u00e9sek 2018<\/a><\/li>\n<li><a href=\"http:\/\/www.mikolaiotthon.hu\/mikola\/wp-content\/uploads\/2020\/06\/Ellen\u0151rz\u00e9sek-2019.pdf\">Ellen\u0151rz\u00e9sek 2019<\/a><\/li>\n<li><a href=\"http:\/\/www.mikolaiotthon.hu\/mikola\/wp-content\/uploads\/2021\/12\/Ellen\u0151rz\u00e9sek-2020.pdf\">Ellen\u0151rz\u00e9sek 2020<\/a><\/li>\n<li><a href=\"http:\/\/www.mikolaiotthon.hu\/mikola\/wp-content\/uploads\/2023\/05\/Ellenorzesek-2022.pdf\">Ellen\u0151rz\u00e9sek 2022<\/a>\u00a0 <em>(K\u00f6zz\u00e9t\u00e9tel: 2023. 05. 09.)<\/em><\/li>\n<\/ul>\n<p>IV. A m\u0171k\u00f6d\u00e9s eredm\u00e9nyess\u00e9ge, teljes\u00edtm\u00e9ny<\/p>\n<ul>\n<li><a href=\"http:\/\/www.mikolaiotthon.hu\/mikola\/wp-content\/uploads\/2023\/05\/IV.-A-mukodes-eredmenyessege-teljesitmeny-2022.pdf\">2022<\/a>\u00a0\u00a0<em>(K\u00f6zz\u00e9t\u00e9tel: 2023. 05. 17.)<\/em><\/li>\n<li><a href=\"http:\/\/www.mikolaiotthon.hu\/mikola\/wp-content\/uploads\/2025\/06\/IV.-A-mukodes-eredmenyessege-teljesitmeny.pdf\">2024<\/a>\u00a0<em>(K\u00f6zz\u00e9t\u00e9tel: 2025. 06. 17.)<\/em><\/li>\n<\/ul>\n<p>V. M\u0171k\u00f6d\u00e9si statisztika<\/p>\n<ul>\n<li><a href=\"http:\/\/www.mikolaiotthon.hu\/mikola\/wp-content\/uploads\/2016\/04\/1202-Vm.pdf\">2015 V\u00e1mosmikola<\/a>\u00a0 <em>(K\u00f6zz\u00e9t\u00e9tel: 2016. 03. 31.)<\/em><\/li>\n<li><a href=\"http:\/\/www.mikolaiotthon.hu\/mikola\/wp-content\/uploads\/2016\/04\/1202-Vis.pdf\">2015 Visegr\u00e1d<\/a>\u00a0 <em>(K\u00f6zz\u00e9t\u00e9tel: 2016. 03. 31.)<\/em><\/li>\n<li><a href=\"http:\/\/www.mikolaiotthon.hu\/mikola\/wp-content\/uploads\/2023\/05\/V.-Mukodesi-statisztika1.pdf\">2022 V\u00e1mosmikola<\/a> \u00a0<em>(K\u00f6zz\u00e9t\u00e9tel: 2023. 05. 08.)<\/em><\/li>\n<li><a href=\"http:\/\/www.mikolaiotthon.hu\/mikola\/wp-content\/uploads\/2023\/05\/V.-Mukodesi-statisztika2.pdf\">2022 V\u00e1mosmikola<\/a>\u00a0\u00a0<em>(K\u00f6zz\u00e9t\u00e9tel: 2023. 05. 05.)<\/em><\/li>\n<li><a href=\"http:\/\/www.mikolaiotthon.hu\/mikola\/wp-content\/uploads\/2023\/05\/V.-Mukodesi-statisztika3.pdf\">2022 Visegr\u00e1d<\/a>\u00a0\u00a0<em>(K\u00f6zz\u00e9t\u00e9tel: 2023. 05. 08.)<\/em><\/li>\n<li><a href=\"http:\/\/www.mikolaiotthon.hu\/mikola\/wp-content\/uploads\/2023\/05\/V.-Mukodesi-statisztika4.pdf\">2022 Visegr\u00e1d<\/a>\u00a0\u00a0<em>(K\u00f6zz\u00e9t\u00e9tel: 2023. 05. 08.)<\/em><\/li>\n<li><a href=\"http:\/\/www.mikolaiotthon.hu\/mikola\/wp-content\/uploads\/2023\/05\/V.-Mukodesi-statisztika5.pdf\">\u00c9VES BERUH\u00c1Z\u00c1SSTATISZTIKAI JELENT\u00c9S, 2022<\/a>\u00a0\u00a0<em>(K\u00f6zz\u00e9t\u00e9tel: 2023. 05. 08.)<\/em><\/li>\n<li><a href=\"http:\/\/www.mikolaiotthon.hu\/mikola\/wp-content\/uploads\/2024\/07\/Beruhazasi-statisztika-2023.pdf\">\u00c9ves beruh\u00e1z\u00e1si statisztika 2023<\/a>\u00a0\u00a0<em>(K\u00f6zz\u00e9t\u00e9tel: 2024. 07. 30.)<\/em><\/li>\n<li><a href=\"http:\/\/www.mikolaiotthon.hu\/mikola\/wp-content\/uploads\/2024\/07\/Mukodesi-statisztika-2023.pdf\">M\u0171k\u00f6d\u00e9si statisztika 2023<\/a>\u00a0\u00a0<em>(K\u00f6zz\u00e9t\u00e9tel: 2024. 07. 30.)<\/em><\/li>\n<li><a href=\"http:\/\/www.mikolaiotthon.hu\/mikola\/wp-content\/uploads\/2024\/07\/Mukodesi-statisztika-2023.-Visegrad.pdf\">M\u0171k\u00f6d\u00e9si statisztika 2023 Visegr\u00e1d<\/a>\u00a0\u00a0<em>(K\u00f6zz\u00e9t\u00e9tel: 2024. 07. 30.)<\/em><\/li>\n<li><a href=\"http:\/\/www.mikolaiotthon.hu\/mikola\/wp-content\/uploads\/2025\/06\/Satisztikai-adatok-2024-Vamosmikola.pdf\">Statisztikai adatok 2024 V\u00e1mosmikola<\/a> <em>(K\u00f6zz\u00e9t\u00e9tel: 2025. 06. 24.)<\/em><\/li>\n<li><a href=\"http:\/\/www.mikolaiotthon.hu\/mikola\/wp-content\/uploads\/2025\/06\/Statisztikai-adatok-2024-Visegrad.pdf\">Statisztikai adatok 2024 Visegr\u00e1d<\/a> <em>(K\u00f6zz\u00e9t\u00e9tel: 2025. 06. 24.)<\/em><\/li>\n<\/ul>\n<p><strong>3.2. K\u00f6lts\u00e9gvet\u00e9sek, besz\u00e1mol\u00f3k<\/strong><\/p>\n<p>I. \u00c9ves k\u00f6lts\u00e9gvet\u00e9sek<\/p>\n<ul>\n<li><a href=\"http:\/\/www.mikolaiotthon.hu\/mikola\/wp-content\/uploads\/2016\/04\/Elemi-koltsegvetes_492995_2016_03_31_14_07.pdf\">2015<\/a><\/li>\n<li><a href=\"http:\/\/www.mikolaiotthon.hu\/mikola\/wp-content\/uploads\/2018\/05\/koltsegvetes-2016.pdf\">2016<\/a><\/li>\n<li><a href=\"http:\/\/www.mikolaiotthon.hu\/mikola\/wp-content\/uploads\/2018\/05\/koltsegvetes-2017.pdf\">2017<\/a><\/li>\n<li><a href=\"http:\/\/www.mikolaiotthon.hu\/mikola\/wp-content\/uploads\/2018\/04\/Elemi-koltsegvetes-2018.pdf\">2018<\/a><\/li>\n<li><a href=\"http:\/\/www.mikolaiotthon.hu\/mikola\/wp-content\/uploads\/2019\/04\/Elemi-koltsegvetes_492995_2019_03_20_09_37.pdf\">2019<\/a><\/li>\n<li><a href=\"http:\/\/www.mikolaiotthon.hu\/mikola\/wp-content\/uploads\/2020\/06\/Elemi-koltsegvetes-2020.pdf\">2020<\/a><\/li>\n<li><a href=\"http:\/\/www.mikolaiotthon.hu\/mikola\/wp-content\/uploads\/2021\/08\/Elemi-koltsegvetes-2021..pdf\">2021<\/a><\/li>\n<li><a href=\"http:\/\/www.mikolaiotthon.hu\/mikola\/wp-content\/uploads\/2022\/07\/Elemi-koltsegvetes_492995_2022_03_30_12_11.pdf\">2022<\/a><\/li>\n<li><\/li>\n<\/ul>\n<p>II. Sz\u00e1mviteli besz\u00e1mol\u00f3k<\/p>\n<ul>\n<li><a href=\"http:\/\/www.mikolaiotthon.hu\/mikola\/wp-content\/uploads\/2015\/07\/2014.-\u00c9VR\u0150L-BESZ\u00c1MOL\u00d3-2015.02.10.pdf\">2014<\/a><\/li>\n<li><a href=\"http:\/\/www.mikolaiotthon.hu\/mikola\/wp-content\/uploads\/2016\/04\/Eves-koltsegvetesi-beszamolo_492995_2016_03_16_17_55.pdf\">2015<\/a><\/li>\n<li><a href=\"http:\/\/www.mikolaiotthon.hu\/mikola\/wp-content\/uploads\/2018\/05\/beszamolo2016.pdf\">2016<\/a><\/li>\n<li><a href=\"http:\/\/www.mikolaiotthon.hu\/mikola\/wp-content\/uploads\/2018\/04\/Eves-koltsegvetesi-beszamol\u00f3-2017.pdf\">2017<\/a><\/li>\n<li><a href=\"http:\/\/www.mikolaiotthon.hu\/mikola\/wp-content\/uploads\/2019\/04\/Eves-koltsegvetesi-beszamolo_492995_2019_03_21_10_18.pdf\">2018<\/a><\/li>\n<li><a href=\"http:\/\/www.mikolaiotthon.hu\/mikola\/wp-content\/uploads\/2020\/06\/Besz\u00e1mol\u00f3-2019.pdf\">2019<\/a><\/li>\n<li><a href=\"http:\/\/www.mikolaiotthon.hu\/mikola\/wp-content\/uploads\/2021\/08\/Eves-koltsegvetesi-beszamolo-2020..pdf\">2020<\/a><\/li>\n<li><a href=\"http:\/\/www.mikolaiotthon.hu\/mikola\/wp-content\/uploads\/2022\/04\/Eves-koltsegvetesi-beszamolo_492995_2022_04_25_13_35.pdf\">2021<\/a><\/li>\n<li><a href=\"http:\/\/www.mikolaiotthon.hu\/mikola\/wp-content\/uploads\/2023\/05\/Eves-koltsegvetesi-beszamolo-2022.pdf\">2022<\/a><\/li>\n<li><a href=\"http:\/\/www.mikolaiotthon.hu\/mikola\/wp-content\/uploads\/2024\/07\/Eves-koltsegvetesi-beszamolo.pdf\">2023<\/a>\u00a0\u00a0<em>(K\u00f6zz\u00e9t\u00e9tel: 2024. 07. 30.)<\/em><\/li>\n<li><a href=\"http:\/\/www.mikolaiotthon.hu\/mikola\/wp-content\/uploads\/2025\/06\/Eves-koltsegvetesi-beszamolo_492995_2025_06_18_10_07.pdf\">2024<\/a>\u00a0 <em>(K\u00f6zz\u00e9t\u00e9tel: 2025. 06. 19.)<\/em><\/li>\n<\/ul>\n<p>III. <a href=\"http:\/\/www.mikolaiotthon.hu\/mikola\/wp-content\/uploads\/2023\/05\/III.-A-koltsegvetes-vegrehajtasa.pdf\">A k\u00f6lts\u00e9gvet\u00e9s v\u00e9grehajt\u00e1sa<\/a> \u00a0<em style=\"color: initial;\">(K\u00f6zz\u00e9t\u00e9tel: 2023. 05. 09.)<br \/>\n<\/em>\u00a0 \u00a0 \u00a0<a href=\"http:\/\/www.mikolaiotthon.hu\/mikola\/wp-content\/uploads\/2025\/06\/2024.-evi-szoveges-beszamolo.pdf\">A k\u00f6lts\u00e9gvet\u00e9s v\u00e9grehajt\u00e1sa<\/a><em style=\"color: initial;\"> (K\u00f6zz\u00e9t\u00e9tel: 2025. 06. 17.)<br \/>\n<\/em><\/p>\n<ul>\n<li><a href=\"http:\/\/www.mikolaiotthon.hu\/mikola\/wp-content\/uploads\/2024\/07\/2023.-evi-gazdalkodasrol-szolo-szoveges-beszamolo.pdf\">2023. \u00e9vi gazd\u00e1lkod\u00e1sr\u00f3l sz\u00f3l\u00f3 sz\u00f6veges besz\u00e1mol\u00f3<\/a>\u00a0 <em>(K\u00f6zz\u00e9t\u00e9tel: 2024. 07. 31.)<\/em><\/li>\n<\/ul>\n<p><strong>3.3. K\u00f6lts\u00e9gvet\u00e9sek, besz\u00e1mol\u00f3k<\/strong><\/p>\n<p>I. Foglalkoztatottak<\/p>\n<ul>\n<li><a href=\"http:\/\/www.mikolaiotthon.hu\/mikola\/wp-content\/uploads\/2023\/05\/Foglalkoztatottak-2022.pdf\">Foglalkoztatottak 2022<\/a> <em>(K\u00f6zz\u00e9t\u00e9tel: 2023. 05. 09.)<\/em><\/li>\n<li><a href=\"http:\/\/www.mikolaiotthon.hu\/mikola\/wp-content\/uploads\/2024\/07\/Foglalkoztatottak-2023.pdf\">Foglalkoztatottak 2023<\/a>\u00a0<em>(K\u00f6zz\u00e9t\u00e9tel: 2024. 07. 30.)<\/em><\/li>\n<li><a href=\"http:\/\/www.mikolaiotthon.hu\/mikola\/wp-content\/uploads\/2025\/06\/Foglalkoztatottak-2024.-evben.pdf\">Foglalkoztatottak 2024<\/a>\u00a0<em>(K\u00f6zz\u00e9t\u00e9tel: 2025. 06. 17.)<\/em><\/li>\n<li><a href=\"http:\/\/www.mikolaiotthon.hu\/mikola\/wp-content\/uploads\/2026\/02\/Foglalkoztatottak-letszama-2025-.pdf\">Foglalkoztatottak 2025<\/a>\u00a0<em>(K\u00f6zz\u00e9t\u00e9tel: 2026. 02. 23.)<\/em><\/li>\n<\/ul>\n<p>II. <a href=\"http:\/\/www.mikolaiotthon.hu\/mikola\/wp-content\/uploads\/2023\/05\/II.-Tamogatasok.pdf\">T\u00e1mogat\u00e1sok<\/a>\u00a0 <em>(K\u00f6zz\u00e9t\u00e9tel: 2023. 05. 09.)<\/em><\/p>\n<p>III. Szerz\u0151d\u00e9sek<\/p>\n<ul>\n<li><a href=\"http:\/\/www.mikolaiotthon.hu\/mikola\/wp-content\/uploads\/2023\/05\/Kimutatas-szerzodesekrol-2023.pdf\">szerz\u0151d\u00e9sek 2023<\/a> <em>(K\u00f6zz\u00e9t\u00e9tel: 2023. 05. 09.)<\/em><\/li>\n<li><a href=\"http:\/\/www.mikolaiotthon.hu\/mikola\/wp-content\/uploads\/2025\/06\/Szerzodesek-2025.pdf\">szerz\u0151d\u00e9sek 2025<\/a>\u00a0<em>(K\u00f6zz\u00e9t\u00e9tel: 2025. 06. 17.)<\/em><\/li>\n<li><a href=\"http:\/\/www.mikolaiotthon.hu\/mikola\/wp-content\/uploads\/2026\/02\/Szerzodesek-2026.pdf\">szerz\u0151d\u00e9sek 2026<\/a>\u00a0<em>(K\u00f6zz\u00e9t\u00e9tel: 2026. 02. 23.)<\/em><\/li>\n<\/ul>\n<p>IV. <a href=\"http:\/\/www.mikolaiotthon.hu\/mikola\/wp-content\/uploads\/2023\/05\/IV.-Koncessziok.pdf\">Koncesszi\u00f3k<\/a>\u00a0 <em>(K\u00f6zz\u00e9t\u00e9tel: 2023. 05. 09.)<\/em><\/p>\n<p>V. <a href=\"http:\/\/www.mikolaiotthon.hu\/mikola\/wp-content\/uploads\/2023\/05\/V.-Egyeb-kifizetesek.pdf\">Egy\u00e9b kifizet\u00e9sek<\/a>\u00a0 <em>(K\u00f6zz\u00e9t\u00e9tel: 2023. 05. 09.)<\/em><\/p>\n<p>VI. Eur\u00f3pai Uni\u00f3 \u00e1ltal t\u00e1mogatott fejleszt\u00e9sek\u00a0 <em>(K\u00f6zz\u00e9t\u00e9tel: 2023. 05. 09.)<\/em><\/p>\n<p>VII. K\u00f6zbeszerz\u00e9s<\/p>\n<ul>\n<li><a href=\"http:\/\/www.mikolaiotthon.hu\/mikola\/wp-content\/uploads\/2016\/04\/K\u00f6zbeszerz\u00e9si-terv2016-V\u00e1mosmikola.pdf\">K\u00f6zbeszerz\u00e9si terv 2016<\/a><\/li>\n<li><a href=\"http:\/\/www.mikolaiotthon.hu\/mikola\/wp-content\/uploads\/2023\/05\/Kozbeszerzesi-terv-2023.pdf\">K\u00f6zbeszerz\u00e9si terv 2023<\/a>\u00a0 <em>(K\u00f6zz\u00e9t\u00e9tel: 2023. 05. 09.)<\/em><\/li>\n<li><a href=\"http:\/\/www.mikolaiotthon.hu\/mikola\/wp-content\/uploads\/2025\/06\/kozbeszerzesi_terv_2025.pdf\">K\u00f6zbeszerz\u00e9si terv 2025<\/a>\u00a0\u00a0<em>(K\u00f6zz\u00e9t\u00e9tel: 2025. 06. 17.)<\/em><\/li>\n<li><a href=\"http:\/\/www.mikolaiotthon.hu\/mikola\/wp-content\/uploads\/2026\/02\/KOZBESZERZES-2025.pdf\">K\u00f6zbeszerz\u00e9s 2025<\/a> \u00a0<em>(K\u00f6zz\u00e9t\u00e9tel: 2026. 02. 23.)<\/em><\/li>\n<\/ul>\n<p>VIII. Beszerz\u00e9sek<\/p>\n<ul>\n<li><a href=\"http:\/\/www.mikolaiotthon.hu\/mikola\/wp-content\/uploads\/2026\/02\/Beszerzesek.pdf\">Beszerz\u00e9s 2025<\/a> \u00a0<em>(K\u00f6zz\u00e9t\u00e9tel: 2026. 02. 23.)<\/em><\/li>\n<\/ul>\n<p>IX. P\u00e1ly\u00e1zatok<\/p>\n<ul>\n<li><a href=\"http:\/\/www.mikolaiotthon.hu\/mikola\/wp-content\/uploads\/2023\/08\/Vezeto-apolo-helyettes-palyazat-20230802.pdf\">P\u00e1ly\u00e1zatok<\/a>\u00a0 <em>(K\u00f6zz\u00e9t\u00e9tel: 2023. 08. 02.)<\/em><\/li>\n<\/ul>\n<p><!--more--><\/p>\n<\/div>\n<\/div>\n<div class=\"cleared\"><\/div>\n<div class=\"art-postmetadatafooter\"><\/div>\n","protected":false},"excerpt":{"rendered":"<p>A F\u0151v\u00e1rosi \u00d6nkorm\u00e1nyzat k\u00f6zz\u00e9t\u00e9teli f\u0151oldala. 1. Szervezeti, szem\u00e9lyzeti adatok 1.1. Kapcsolat, szervezet, vezet\u0151k I. El\u00e9rhet\u0151s\u00e9gi adatok\u00a0\u00a0(K\u00f6zz\u00e9t\u00e9tel: 2015. 07. 20.) Bemutatkoz\u00e1s II. Szervezeti fel\u00e9p\u00edt\u00e9s SZMSZ 2020\u00a0\u00a0(K\u00f6zz\u00e9t\u00e9tel: 2021. 12. 20.) SZMSZ 2023\u00a0\u00a0(K\u00f6zz\u00e9t\u00e9tel: 2023. 05. 08.) Egy\u00e9b m\u0171k\u00f6d\u00e9s Szab\u00e1lyzatok Bels\u0151 vissza\u00e9l\u00e9s-bejelent\u00e9si szab\u00e1lyzat \u00e9s t\u00e1ly\u00e9koztat\u00e1s (K\u00f6zz\u00e9t\u00e9tel: 2025. 06. 19.) \u00dczleti titok szab\u00e1lyzat (K\u00f6zz\u00e9t\u00e9tel: 2025. 12. 19.) Szakmai program\u00a0 (K\u00f6zz\u00e9t\u00e9tel: [&hellip;]<\/p>\n","protected":false},"author":1,"featured_media":0,"parent":0,"menu_order":0,"comment_status":"closed","ping_status":"closed","template":"","meta":{"footnotes":""},"class_list":["post-11","page","type-page","status-publish","hentry"],"_links":{"self":[{"href":"https:\/\/www.mikolaiotthon.hu\/mikola\/index.php?rest_route=\/wp\/v2\/pages\/11","targetHints":{"allow":["GET"]}}],"collection":[{"href":"https:\/\/www.mikolaiotthon.hu\/mikola\/index.php?rest_route=\/wp\/v2\/pages"}],"about":[{"href":"https:\/\/www.mikolaiotthon.hu\/mikola\/index.php?rest_route=\/wp\/v2\/types\/page"}],"author":[{"embeddable":true,"href":"https:\/\/www.mikolaiotthon.hu\/mikola\/index.php?rest_route=\/wp\/v2\/users\/1"}],"replies":[{"embeddable":true,"href":"https:\/\/www.mikolaiotthon.hu\/mikola\/index.php?rest_route=%2Fwp%2Fv2%2Fcomments&post=11"}],"version-history":[{"count":213,"href":"https:\/\/www.mikolaiotthon.hu\/mikola\/index.php?rest_route=\/wp\/v2\/pages\/11\/revisions"}],"predecessor-version":[{"id":986,"href":"https:\/\/www.mikolaiotthon.hu\/mikola\/index.php?rest_route=\/wp\/v2\/pages\/11\/revisions\/986"}],"wp:attachment":[{"href":"https:\/\/www.mikolaiotthon.hu\/mikola\/index.php?rest_route=%2Fwp%2Fv2%2Fmedia&parent=11"}],"curies":[{"name":"wp","href":"https:\/\/api.w.org\/{rel}","templated":true}]}}